 y be w(n). Suppose y*s - 4*s = -51. What is the greatest common divisor of s and 17?
17
Let h = -320 + 340. Suppose -h*r = -r - 1710. Calculate the greatest common divisor of r and 6.
6
Let r be 2/(5/(-10)*(1 + -2)). Suppose -6 = -3*i, 5*i = -r*b - 60 + 190. What is the greatest common factor of 40 and b?
10
Let w be -1*(1 - 28)*1. Let o be (-918)/(-90) - -1*2/(-10). Suppose 80 + 1270 = o*j. What is the greatest common factor of j and w?
27
Suppose 60*p + 168 = 52*p. Let r be -3 - (p/7)/(3/58). What is the greatest common factor of 440 and r?
55
Let o(i) = 14*i**2 + 8*i - 22. Let g be o(2). Let f(l) = 14 + 5*l + 18*l**2 - 11*l**2 - 6*l**2. Let j be f(-6). Calculate the greatest common factor of j and g.
10
Let b be 8*3/(10 - -2). Let n(j) = -13*j**2 - 94*j + 3. Let v be n(-7). Calculate the greatest common divisor of b and v.
2
Let a = -3360 - -3432. What is the highest common factor of 234 and a?
18
Suppose 174*n + 498*n - 6573 - 29715 = 0. Let f be -21*((-150)/7 - 0). Calculate the greatest common factor of n and f.
18
Let j(p) = p**2 + 34. Let x be j(0). Let l = -198 + 202. Suppose -3*q + 934 = -4*a, l*a = -4*q + 8*a + 1240. Calculate the highest common factor of q and x.
34
Let m = 74 - 30. Let j(u) = -10*u + 3. Let s be j(-3). Suppose -7*h + 4*h = -s. Calculate the greatest common factor of m and h.
11
Suppose 0 = 13*h - 17*h - 44. Let b = -7 - h. Suppose 2*f - 2*x = -b*x + 56, 3*x = -2*f + 60. What is the greatest common factor of f and 32?
8
Suppose 11*y + 11055 = 44*y + 34*y. Suppose 3*m = 4*m + f - 129, 0 = -3*f - 9. Calculate the highest common divisor of y and m.
33
Let v = -13 + 36. Let n = -95 + 3. Let r be (2 + (-85)/20)*n. What is the greatest common factor of v and r?
23
Suppose 2*z - 501 = -o, -5*z - 108*o + 1285 = -112*o. Calculate the greatest common factor of 299 and z.
23
Suppose 5*q + 5*d - 25030 = 0, 2*d + 15058 = -184*q + 187*q. What is the greatest common divisor of 4 and q?
2
Let v(i) = -i**3 - 43*i**2 + 38*i + 64. Let t be v(-44). Calculate the greatest common divisor of 48 and t.
8
Suppose -5*m - 5*r + 4*r = -1789, -r - 1424 = -4*m. Let k be 1/((-6)/(-21))*1326/91. Calculate the greatest common divisor of k and m.
51
Let w be -1 + -4 + 2 + 61. Suppose -c + w - 9 = -3*f, -3*f = c - 67. What is the greatest common divisor of 87 and c?
29
Let p(a) = -a**2 - 21*a + 19. Let c be p(-22). Let i be 0 - (3 + c) - (-323 + -3). Suppose i + 556 = 7*l. What is the highest common factor of l and 9?
9
Let g(n) = n**2 - 141*n + 2658. Let b be g(22). Suppose -3*d - p + 2*p = -28, 4 = d + p. What is the greatest common divisor of b and d?
8
Suppose -14*b - 117 + 101 + 324 = 0. Calculate the greatest common factor of b and 1859.
11
Let q(x) = -12*x - 28. Suppose -4*g = 2*z + 3*z + 85, 3*z = -4*g - 43. Let o be q(z). Calculate the greatest common factor of o and 84.
28
Suppose -46 = -2*u - q + 22, -5*q = -5*u + 200. Calculate the highest common divisor of 1773 and u.
9
Suppose 22 + 28 = 25*g. Suppose -3*k - 3*z + 180 = 0, 3*z = -g + 14. Calculate the greatest common divisor of 126 and k.
14
Let l = -140 - -178. Suppose -1905 = -4*c - 0*f - f, 5*f - 25 = 0. What is the highest common factor of l and c?
19
Let v be (12/30)/(4/100). Let p = v + 0. What is the highest common factor of 270 and p?
10
Let m = -165 - 16. Let a = -172 - m. What is the highest common factor of 81 and a?
9
Let m = 7025 - 6940. What is the greatest common factor of m and 323?
17
Let y = -104 + 199. Let t = -70 + y. Calculate the greatest common factor of t and 325.
25
Suppose -2802 = -14*x + 1790. Calculate the highest common divisor of 4428 and x.
164
Suppose 0 = -2*z - 5*m + 15132, 18162 + 12018 = 4*z - 4*m. Calculate the greatest common divisor of 6 and z.
3
Let u be 3 + (-7)/7 + 3. Let s = 13 - 9. Let f be (s/u)/(2 - 29/15). What is the greatest common divisor of 4 and f?
4
Let p(s) = 2*s + 21 - 13 + 5. Suppose -4*f + 3*c - 31 = 0, 2*c - 28 = 2*f - 2*c. Let a be p(f). Calculate the greatest common factor of a and 40.
5
Let v be (28/(-56)*8)/(-2*2/14). What is the highest common factor of 3 and v?
1
Let d = 40 - 38. Suppose 508 = 5*y + d*l, 192 = 3*y + 2*l - 116. What is the greatest common factor of y and 160?
20
Let n be (14/2 + (-2 - 0))*-3. Let f be (2 - n)/(22/154). What is the greatest common divisor of f and 17?
17
Let n = -25731 - -57044. Calculate the greatest common factor of n and 362.
181
Let s = 1950 + -1856. Calculate the highest common factor of 6 and s.
2
Suppose -3*t = -7*t + 2024. Let h = t - 489. What is the highest common factor of 340 and h?
17
Let l be 6/9 + (-68)/12 + -1 + 59. Calculate the greatest common divisor of 53 and l.
53
Let u be 0 - -3579 - 34/(374/(-99)). Calculate the highest common divisor of 260 and u.
52
Let i be (-9)/(1029/210 + -5). Calculate the highest common divisor of i and 19935.
45
Let a = -73 + 77. Suppose -3 = a*x + 13, 4*s - 3*x - 236 = 0. Calculate the greatest common divisor of 126 and s.
14
Let y = -24 - -69. Calculate the highest common factor of 5415 and y.
15
Let u be -1432*100/(-40) - 8/1. Calculate the greatest common factor of u and 19.
19
Suppose 3*y - 4 = -4*w + 179, -4*w = 5*y - 297. Suppose -z - y = -80. What is the highest common divisor of z and 46?
23
Let d be 1/(-9) - (-41)/369. Suppose 8*k - 1277 - 1667 = d. Calculate the highest common divisor of 23 and k.
23
Suppose -2*i - 4*f + 24 = 0, 0*f - f + 21 = 3*i. Let t(y) = y**3 - 5*y**2 + 2*y - 9. Let l be t(i). What is the highest common factor of l and 3?
3
Let v = -15 + 129. Suppose 66 = 4*d - v. What is the greatest common divisor of d and 5?
5
Let z be 696/(-290)*((-27)/6 - 3). Suppose -7 = -2*v + 7. Let p be (2 + v/(-2))*-6. What is the greatest common divisor of p and z?
9
Suppose 4*z = 217 + 115. Suppose 3*j - 289 = -2*f, 0 = -j - 9*f + 11*f + z. What is the highest common factor of 31 and j?
31
Suppose -17*h + 3497 + 719 = 0. Let v(q) = q**2 - 9*q - 21. Let l be v(13). Calculate the greatest common factor of h and l.
31
Let r be (-458)/1603 - (-3733)/7. What is the highest common divisor of r and 585?
13
Suppose 53 + 127 = 5*d. Suppose 2*v = 2*z - 34, 0*z - 3*z + 50 = -2*v. What is the highest common divisor of z and d?
4
Let z(n) = 8*n**2 - 541*n + 83. Let p be z(68). Calculate the highest common divisor of p and 41.
41
Let r be (0 - (0 - -2)) + 8/4. Suppose r*j - 2*h + 102 = j, -5*j = h - 546. Suppose 2*s + 46 - j = 0. Calculate the highest common factor of s and 32.
32
Let c = 28324 - 17719. Calculate the highest common factor of c and 420.
105
Let i be (1 - 0)/(1/5). Let u(q) = -q**3 + 58*q + 1. Let c be u(-8). Suppose 0*p + p + l = c, -l - 215 = -i*p. What is the greatest common divisor of p and 66?
22
Let v be ((-2618 + 21)*(-33)/(-3))/(-1). Calculate the highest common divisor of 154 and v.
77
Suppose 51 = 2*k + 2*v + v, -5*v = 3*k - 75. Suppose -b + 459 = k. Suppose -29*l + 312 = -21*l. What is the highest common factor of b and l?
39
Suppose 0 = 2*o - 18*y - 4646, 3*o - 5*y = 7*o - 9087. What is the highest common divisor of 34 and o?
34
Suppose w = -4 + 3. Let d be 2/(-1) + w + 42. Suppose -15*o - 3*j - 332 + 5558 = 0, -o + 390 = -3*j. Calculate the greatest common factor of o and d.
39
Suppose 2*n + 306 = 2*q, -q + 3*n = -21 - 146. Calculate the highest common factor of 511 and q.
73
Suppose -3*u - 4 = 2*v, -2*v = 2*u - 0*v + 6. Suppose 4*p - 45 - 108 = -3*o, p = -u*o + 42. What is the greatest common factor of p and 96?
12
Let h(x) = x**2 - 13*x - 28. Let m(t) = 8*t + 7. Let w be m(-4). Let q = -9 - w. Let i be h(q). Calculate the greatest common factor of 20 and i.
20
Let n be (18/36)/((-1)/14*-1). Let a be ((-42)/n - -1)*(-2)/2. Suppose d = -d + 3*u + 387, a*d - 5*u = 975. Calculate the highest common factor of 22 and d.
22
Let p be (-351)/195*(-1*25 - 0). Suppose -3*j + 78 = p. Calculate the greatest common divisor of j and 1177.
11
Let y be 31 - ((-38)/7 - (-54)/126). Suppose -3*r + 5*q = -y, -5*q = -10*q. What is the greatest common divisor of 148 and r?
4
Suppose 625 - 571 = 3*n. Suppose -15*k = -20*k + 360. What is the highest common divisor of k and n?
18
Let c(o) = 76*o**3 - 3*o**2 + 13*o - 6. Let u be c(2). What is the highest common factor of 22 and u?
22
Suppose 128*v - 129*v = d - 419, v - 431 = -5*d. Calculat